. Let d be p(1). Suppose 0 = -g + 3*v - d, -v = -4*v. What is n(g)?
0
Let i(x) = -x**2 - 6*x - 1. Let o(l) = l**2 - 2*l - 1. Let g be o(2). Let a = -4 + g. Give i(a).
4
Let s(j) = 8 - j**2 - 8 - 5. Give s(0).
-5
Let h(r) be the second derivative of -r**4/24 + r**3 - r**2/2 - r. Let s(o) be the first derivative of h(o). Suppose z - 4*z + 15 = 0. Calculate s(z).
1
Let j(s) = -9*s**2 + s + 1. Let t be j(-1). Let g = t - -6. Let i(c) = 0 + 3*c + 2*c**2 - 4 + 1. Determine i(g).
6
Let k(t) = t**2 - 3*t - 1. Let i(o) = 7*o**3 - 5*o**2 - 6*o + 5. Let p(l) = -8*l**3 + 6*l**2 + 7*l - 5. Let u(g) = 7*i(g) + 6*p(g). Let m be u(0). What is k(m)?
9
Suppose w + h - 10 = 0, -w + 5*h - h = -20. Let x = w + -7. Let o(l) = -3*l - 5*l + 7*l. Determine o(x).
-5
Let c(q) = 13*q - 1. Suppose -3*o - 23 = -5*d, 5*o + d = -0*d - 1. Determine c(o).
-14
Suppose 2*z = -5*r, 0 = 4*z + 5*r + 2 - 12. Let f(p) = -7*p**2 + 12*p + 6. Let c(v) = -v**2 + v + 1. Let s(y) = 6*c(y) - f(y). What is s(z)?
-5
Let w be 16/6 - (-6)/(-9). Suppose -12 = -5*c + w*c. Let a(g) = g**3 - 3*g**2 - 5*g - 3. Determine a(c).
-7
Let d = 3 + 2. Let l(g) = 2 + 0*g - g - g. Calculate l(d).
-8
Suppose -t = -l + 9, 2*t = -l - 0*t - 3. Suppose -12 = n - l*n. Let f(k) = 1 - 3*k + k - 4*k + 5*k**2 - k**n + 5*k. Determine f(5).
-4
Let s(l) = l**3 + 3*l**2 + 2*l - 1. Suppose -m + 2*z + 2 = -5*m, -10 = -2*z. Give s(m).
-7
Let t(f) = 2*f + 6. Let r be t(-5). Let q(c) = -4 + c - 3 + 5. Determine q(r).
-6
Let f = 2 + -3. Let q(s) = 2*s**2 - 4*s - 1. Let u be q(3). Let g(i) = 0*i**2 - 4*i**3 + 0*i**2 + i**2 - 4*i + u*i. Determine g(f).
4
Let s(u) be the first derivative of u**3/3 + 3*u**2 - u + 2. Calculate s(-5).
-6
Let g(s) = 2*s - 7. Let d be g(7). Let r(v) = -7 - 1 - 3*v + d + v**2. Give r(-2).
9
Let l = 59 - 22. Suppose l = -5*s + 7. Let y(o) = -o**2 - 7*o - 4. Let n be y(s). Let x(k) = -k**2 + 3*k. Determine x(n).
2
Let z(r) = -4*r + 2. Let x be 5/10*(7 + 1). Let m = 5 - x. Let k = 1 + m. Calculate z(k).
-6
Let t(s) be the first derivative of -7*s**3/6 + s**2 - 7*s - 2. Let d(o) be the first derivative of t(o). What is d(2)?
-12
Let s(x) = -7*x + 4 - 7 - 3 + 6*x. Determine s(0).
-6
Let y(i) = -i - 10. Let x(s) = -2*s - 20. Let t(u) = -4*x(u) + 7*y(u). What is t(0)?
10
Let i(z) = z**2 + 5*z + 6. Let l be i(-4). Suppose l*c - 3*f = -3, c - f = -2*c - 1. Let k(y) = -y + 6. Give k(c).
6
Suppose 0*r = -r - 5. Let o(w) = -5*w + 1. Let y(b) = -14*b + 3. Let q(d) = -8*o(d) + 3*y(d). Let p(v) = v. Let x(u) = 4*p(u) + q(u). Determine x(r).
-9
Let x(l) = -l**2 + 8*l - 2. Let s be x(7). Let w(k) be the first derivative of k - 5 + k**2 + s - 3. What is w(-1)?
-1
Let o(v) = v**3 + 10*v**2 - 22*v + 25. Let r be o(-12). Let n(j) = -12*j. Determine n(r).
-12
Let t(w) = -w + 1. Let v(b) = -b + 14. Let u be v(8). Give t(u).
-5
Let k(g) = g**3 + 7*g**2 + 6*g - 1. Suppose 3*a + 2*v = -v - 15, a + 3 = -3*v. Give k(a).
-1
Let y(w) = 7*w**2 + 9*w - 18. Let i(p) = -4*p**2 - 4*p + 9. Let c(z) = 5*i(z) + 3*y(z). What is c(-8)?
-1
Let z(q) = q - 2*q - 3 + 1. Let f be -2 + 8/(-6)*3. What is z(f)?
4
Let w(j) be the second derivative of -j**4/12 + j**3/6 - j**2 + 70*j. Give w(4).
-14
Let d(o) = -7*o**3 + o**2 - 2*o - 1. Let v(h) = -8*h**3 + 2*h**2 - 2*h - 1. Let y(g) = -4*d(g) + 3*v(g). Let n = 0 - -2. Suppose -n*w = -5*w - 3. Give y(w).
-3
Let c be (2/(-2) - 0) + 2. Let f be (32/3)/(c/(-3)). Let i be f/18 - (-4)/(-18). Let s(r) = 4*r + 2. Give s(i).
-6
Let k(x) = -x**2 + 10*x + 7. Let p be k(9). Let i(d) = 20*d - p*d + d**3 + 3*d**2 - 4*d**2 - 2 - 4*d**2. Give i(5).
18
Let g be (-42)/(-8) + (-4)/16. Let s(t) be the first derivative of -4/3*t**3 - 4*t - 2*t**2 + 2 + 1/4*t**4. Give s(g).
1
Let x(y) be the first derivative of 7*y**2/2 - y - 50. What is x(1)?
6
Let o(m) = 5*m**2 - 2*m - 3. Let g(a) = 3*a**2 - 5*a + 8*a**2 + 4 - 10. Let f(n) = 4*g(n) - 9*o(n). What is f(2)?
-5
Let g be ((1 - -3) + -3)*-1. Let j(t) = 4*t - 6*t**3 - 3*t + t**3 + 11*t**3. Give j(g).
-7
Let s(i) = -3*i**3 + 0*i**2 - 2*i**3 - i**2. Let m be 2/11 + 291/33. Let f = m + -8. What is s(f)?
-6
Let c = -29 + 23. Let i(s) = -s**3 - 7*s**2 - 8*s - 5. Give i(c).
7
Let i(y) be the third derivative of -y**2 + y**3 + 1/24*y**4 + 0*y + 0. Suppose -5*a + 2*c - 17 = -6, 0 = -c - 2. Determine i(a).
3
Suppose 4*m + m + 6 = 2*x, 0 = -5*m. Let s(y) = y**3 - 3*y**2 + 2*y - 2. Determine s(x).
4
Let c(s) = -s**2 - 9*s - 10. Let t be c(-6). Let i(u) be the first derivative of -u**4/4 + 7*u**3/3 + 9*u**2/2 - 8*u - 1. Give i(t).
0
Suppose y - 1 = 2. Let j(d) = d + 1. Let r be j(y). Let o be (r + -3)/((-2)/2). Let z(q) = 5*q**2. Calculate z(o).
5
Let l(t) = -15*t - 10*t - 1 + 26*t. Suppose w + 0*w = 0. What is l(w)?
-1
Let k(c) = c - 2. Let i(x) be the third derivative of -x**4/24 - x**3/6 + 4*x**2. Let v(r) = -2*i(r) + k(r). Calculate v(1).
3
Suppose 12*a = -36 - 24. Let n(u) be the first derivative of -u**2/2 + 5*u - 2. Determine n(a).
10
Let r(j) = 1 - 26*j**3 + 9*j**3 - 2*j**2 + 6*j**3 + 10*j**3. What is r(1)?
-2
Let q be ((-12)/10)/(1/(-5)). Let h be (-20)/q + 2/6. Let d(x) = -2*x + 4*x - 5*x - x**2 + 0*x. Calculate d(h).
0
Suppose 3*p + 0 = -4*s - 1, -15 = -3*s + 3*p. Let t(n) be the third derivative of -n**6/120 + n**5/30 - n**4/12 + n**3/2 - 19*n**2. Give t(s).
-1
Let n(g) = -g**3 + g**2 + g - 12. Let w be (-15)/5 + 3 - 0. Give n(w).
-12
Let k(x) = 4*x + 1. Suppose 2 = l + 1. Let r be 7/(-3) - (-2)/6. Let a = l + r. Calculate k(a).
-3
Let h(c) be the second derivative of c**3/6 - 3*c**2 - 15*c. Give h(10).
4
Let x be (5 + -1)/(1*-2). Let c be 1 - (4/x - 0). Let a(w) = -3*w + 4. Determine a(c).
-5
Let l(q) = -4*q**2 - q + 3. Let w(n) = -5*n**2 + 4. Let i(o) = -4*l(o) + 3*w(o). Calculate i(-3).
-3
Let k(b) = -b**2 - 10*b + 10. Let u be k(-10). Suppose u = -2*w - 0. Let n(t) = -t - 5. Determine n(w).
0
Let g(l) be the second derivative of l**3/2 - l**2/2 - 15*l. What is g(3)?
8
Suppose -3*f - 2*f + 5*p = 40, 3*f - 6 = -3*p. Let o(m) be the first derivative of -m**2/2 - m + 1. Calculate o(f).
2
Let f(i) = -i**2 - 4*i + 4. Let p be f(-5). Suppose -5*k = -4*z - z + 15, -7 = -z + 5*k. Let w(u) = u**z - 46 - 4*u**3 + 0*u**2 - u + 45. Determine w(p).
5
Suppose -i = 6 - 1. Suppose 15 = 5*w + 5. Let v(x) = x + 6 - x + w*x. Calculate v(i).
-4
Suppose -8 + 2 = -3*d. Let g(k) = -9*k - 8. Let o(s) = -s - 1. Let t(w) = g(w) - 6*o(w). Determine t(d).
-8
Let d(b) be the second derivative of -b**5/20 + 5*b**4/12 - 2*b**3/3 + 2*b**2 + 15*b. Let j be (-2)/9 + 364/18. Suppose 5*z - j = -0*z. What is d(z)?
4
Let v = -8 + 10. Let y(x) = x**3 - 2*x**2 + x - 1. Let z be y(v). Let g(s) = 8*s**3 + s**2 - s + 1. Give g(z).
9
Let r(x) = x - 3. Suppose -3*d - 1 + 4 = 0. Let g be 6/(-2) + d + 4. Determine r(g).
-1
Let f(j) = -j**2 + 2*j - 3. Let z be (-5)/(-10) + 6/(-4). Let i be 12/4 - z/(-1). What is f(i)?
-3
Let k(u) be the third derivative of u**5/30 + u**4/8 - u**3/3 - 3*u**2. Suppose -2*j + 5*d = -0*d - 19, j + 28 = -5*d. What is k(j)?
7
Let g(u) = -u**2 - 6*u + 1. Let l be g(-5). Let h(m) = -1 - 5*m + 0 + m**2 - 3. Let n be h(l). Let s(a) = -4*a + 1. Give s(n).
-7
Let z(y) be the first derivative of -3 - 3*y + 0*y - y**2 + 5*y. Calculate z(4).
-6
Let p(z) = -z**3 + 3*z**2 - 3. Let r be ((-4)/5 - 0)*-5. Suppose r*t - 6 = 6. Determine p(t).
-3
Let l(h) = h**2 + 3*h - 4. Let i(t) be the first derivative of t**3/3 + 2*t**2 - 4*t - 2. Let c(p) = 3*i(p) - 2*l(p). Calculate c(-5).
-9
Let v(c) = -3*c + 3. Let y(n) = -5*n + 4. Let j(o) = -8*v(o) + 5*y(o). Let z be -1 + (-1 + 0)/1. What is j(z)?
-2
Suppose 3*c = 2*z - 15, -4*z + c - 2 + 7 = 0. Let a(r) be the third derivative of 1/24*r**4 + 1/120*r**6 + 0*r**3 + r**2 - 1/15*r**5 + z + 0*r. Calculate a(3).
-6
Let w(m) = -3*m**3 - m**2 + m - 1. Let i = -8 + 9. What is w(i)?
-4
Suppose -f + 0*f + 5 = 0. Suppose 0 = l - 3*v - 9, 0*l - 5*v = f*l - 5. Let p(z) = -7*z + 3. Let g(y) = 15*y - 6. Let k(h) = -3*g(h) - 7*p(h). Determine k(l).
9
Let d(u) = -u**2 + 6*u - 3. Suppose -4*m + 2*g - 42 = 0, -m - 2*g - 18 = m. Let y(b) = b**3 + 10*b**2 + b + 14. Let o be y(m). What is d(o)?
5
Let m(i) = i**3 - i**2 - 3*i - 3. Let x be m(3). Let g(k) = x - 19 + 3*k - k - k. Determine g(6).
-7
Suppose 0 = 4*x + 3*x - 28. Let u(y) = -y**2 + 5*y + 2. Determine u(x).
6
Suppose 0 = -r - 